5 (base 8) in base 4?
-21031
What is 506 (base 12) in base 9?
886
Convert -5468 (base 14) to base 7.
-60361
-3978 (base 10) to base 11
-2a97
What is 152 (base 13) in base 15?
10b
What is 1722 (base 10) in base 8?
3272
Convert 2120112 (base 3) to base 6.
12405
Convert 277 (base 8) to base 13.
119
-794 (base 11) to base 13
-581
Convert -1a7d (base 15) to base 8.
-13157
Convert -355a8 (base 11) to base 14.
-149a5
Convert 43922 (base 11) to base 10.
63670
-1636 (base 12) to base 10
-2634
Convert 1f5 (base 16) to base 15.
236
What is -30733 (base 9) in base 10?
-20280
-127 (base 13) to base 7
-406
Convert -564 (base 12) to base 10.
-796
What is 3102 (base 8) in base 16?
642
What is -389 (base 13) in base 14?
-324
443 (base 14) to base 7
2313
What is -415 (base 14) in base 6?
-3415
What is -111 (base 16) in base 13?
-180
Convert -101101011 (base 2) to base 7.
-1026
What is -14bc (base 15) in base 14?
-18a0
-19e (base 16) to base 6
-1530
What is 2324 (base 5) in base 12?
243
What is -5554 (base 6) in base 5?
-20134
What is 3213 (base 13) in base 8?
15441
What is 33103 (base 6) in base 12?
2793
Convert 102612 (base 7) to base 14.
66b2
Convert 141532 (base 6) to base 10.
13376
Convert -1101010000 (base 2) to base 13.
-503
What is -11101110 (base 3) in base 7?
-12216
What is -51333 (base 6) in base 4?
-1222221
-308 (base 11) to base 12
-26b
Convert 4030 (base 5) to base 13.
308
What is -bfa (base 16) in base 6?
-22110
Convert 3020 (base 6) to base 7.
1632
Convert 85 (base 16) to base 11.
111
What is -120042 (base 5) in base 9?
-6025
Convert 2bc9 (base 13) to base 3.
22210201
What is 2355 (base 13) in base 7?
20331
-30132 (base 4) to base 9
-1076
-112121 (base 3) to base 4
-12022
What is -c0 (base 15) in base 12?
-130
Convert 16cd (base 15) to base 4.
1030312
What is 63306 (base 9) in base 14?
1133c
-6002 (base 7) to base 16
-80c
Convert 7b10 (base 12) to base 4.
3111330
11300 (base 4) to base 12
268
Convert 34 (base 5) to base 14.
15
-100010101111 (base 2) to base 15
-9d3
1860 (base 9) to base 3
1222000
994b (base 13) to base 10
21357
-1110000101110 (base 2) to base 5
-212324
Convert -2722 (base 12) to base 7.
-16043
-222242 (base 6) to base 3
-221121122
What is -2bb (base 15) in base 2?
-1001110010
Convert a6 (base 16) to base 3.
20011
-2032002 (base 4) to base 12
-5316
-2a8d (base 14) to base 9
-11344
Convert 32066 (base 8) to base 4.
3100312
What is 6ebe (base 16) in base 4?
12322332
2405 (base 6) to base 4
21011
What is -55958 (base 10) in base 15?
-118a8
What is 12301 (base 4) in base 7?
1156
What is -1142 (base 6) in base 16?
-116
-4 (base 14) to base 16
-4
What is -65a (base 16) in base 7?
-4512
What is 2225 (base 7) in base 12?
56b
What is 30624 (base 7) in base 16?
1d5b
Convert 293 (base 13) to base 9.
558
What is -186c (base 15) in base 12?
-3079
What is -110111111 (base 2) in base 6?
-2023
Convert 59 (base 16) to base 7.
155
-31044 (base 6) to base 11
-3117
-dceb (base 15) to base 6
-1000352
-1a712 (base 13) to base 3
-2121221220
What is 2b7 (base 15) in base 4?
21232
What is 5a8b (base 12) in base 4?
2133023
Convert 626 (base 7) to base 2.
100111010
What is 32100 (base 4) in base 13?
552
What is 13553 (base 14) in base 3?
2102102201
Convert -2602 (base 7) to base 5.
-12412
What is 14b (base 14) in base 9?
322
-26e3 (base 16) to base 9
-14581
What is -43d (base 14) in base 3?
-1011002
Convert 7cc (base 14) to base 6.
11104
Convert 22022 (base 3) to base 2.
11100000
Convert -781 (base 16) to base 5.
-30141
What is -11230 (base 8) in base 7?
-16610
Convert -d51 (base 14) to base 6.
-20043
100310 (base 4) to base 3
1110212
What is -1040c (base 13) in base 15?
-89ee
263 (base 15) to base 5
4133
Convert 212112021 (base 3) to base 11.
11983
-10202 (base 3) to base 15
-6b
What is -4404042 (base 5) in base 11?
-51817
What is 10101010001111011 (base 2) in base 13?
3089b
What is 11102 (base 6) in base 16?
60e
-55440 (base 6) to base 15
-2453
Convert -2d6 (base 16) to base 9.
-886
-35062 (base 8) to base 16
-3a32
What is -277 (base 14) in base 13?
-2c3
-1010011001 (base 2) to base 11
-555
Convert 2f8 (base 16) to base 4.
23320
What is 733 (base 16) in base 9?
2467
Convert -98a (base 13) to base 4.
-121203
Convert 313231 (base 4) to base 12.
2091
What is -16c (base 15) in base 3?
-110010
What is 2774 (base 8) in base 6?
11032
-7750 (base 13) to base 3
-211210211
-1111404 (base 5) to base 2
-100110010010100
What is 14232 (base 7) in base 6?
30010
What is 17354 (base 8) in base 9?
11765
15231 (base 6) to base 8
4643
-2022202 (base 3) to base 16
-69e
-3a (base 13) to base 9
-54
What is 8180 (base 9) in base 4?
1131201
What is 44120 (base 5) in base 16?
bdb
Convert 3223 (base 13) to base 9.
10481
What is 16105 (base 15) in base 5?
4233410
Convert 8c9 (base 13) to base 4.
113231
Convert -10011 (base 2) to base 4.
-103
-4220 (base 11) to base 14
-2072
-123 (base 14) to base 13
-146
What is cb2 (base 14) in base 7?
10212
-930 (base 12) to base 7
-3612
What is -4337 (base 8) in base 4?
-203133
What is -11300 (base 10) in base 2?
-10110000100100
What is 1044 (base 14) in base 10?
2804
50e (base 16) to base 6
5554
What is 2bc (base 14) in base 3?
202200
Convert -102101 (base 3) to base 16.
-133
Convert 33540 (base 6) to base 8.
11204
Convert 272 (base 14) to base 12.
350
Convert -5a1 (base 11) to base 3.
-222112
Convert -32123 (base 4) to base 6.
-4135
What is -11211 (base 3) in base 10?
-130
What is -24002 (base 5) in base 11?
-1353
What is -200 (base 14) in base 13?
-242
What is -a95 (base 16) in base 8?
-5225
Convert 5035 (base 12) to base 8.
20751
Convert 309 (base 15) to base 16.
2ac
Convert -1195 (base 15) to base 11.
-28a0
655 (base 10) to base 3
220021
Convert 242444 (base 5) to base 11.
6945
What is -133031 (base 6) in base 7?
-50644
-2321 (base 5) to base 14
-1a0
What is 9334 (base 11) in base 15?
3a04
What is 230110 (base 4) in base 16?
b14
-11 (base 4) to base 13
-5
What is -32741 (base 8) in base 3?
-200220212
Convert 2322 (base 5) to base 4.
11101
3024 (base 5) to base 3
112102
24 (base 16) to base 5
121
-1576 (base 8) to base 7
-2415
444 (base 10) to base 4
12330
What is 311202 (base 4) in base 8?
6542
1b8b4 (base 12) to base 11
28912
Convert 541355 (base 6) to base 14.
12291
-467 (base 10) to base 8
-723
What is -334 (base 13) in base 14?
-2b4
What is 2ba (base 12) in base 13?
271
What is -1ab (base 14) in base 10?
-347
What is 28615 (base 11) in base 10?
40672
Convert 222200200 (base 3) to base 10.
19458
Convert 1131 (base 7) to base 2.
110011110
Convert -42635 (base 7) to base 10.
-10610
Convert -81e (base 15) to base 12.
-1085
What is -1de (base 15) in base 8?
-662
-13112 (base 4) to base 14
-258
-3032 (base 5) to base 16
-188
101010110111 (base 2) to base 6
20411
Convert 112 (base 11) to base 14.
98
-362 (base 7) to base 14
-d9
Convert -311204 (base 5) to base 13.
-4830
20331 (base 4) to base 6
2353
What is 14044 (base 6) in base 12?
1324
What is -1332141 (base 5) in base 14?
-9c8b
-477 (base 15) to base 6
-4404
101011000 (base 2) to base 10
344
What is -183 (base 9) in base 8?
-234
What is -38632 (base 9) in base 7?
-135614
-110113 (base 4) to base 16
-517
What is -503 (base 6) in base 12?
-133
Convert 7237 (base 9) to base 12.
3097
-2041144 (base 5) to base 14
-c512
What is 4ae1 (base 16) in base 8?
45341
What is 33c (base 16) in base 11?
693
Convert -21341 (base 8) to base 13.
-40ab
-25635 (base 10) to base 4
-12100203
671 (base 14) to base 11
a5a
315 (base 11) to base 6
1431
What is -2118 (base 11) in base 16?
-af2
Convert 247 (base 9) to base 13.
12a
Convert -4116 (base 7) to base 9.
-1863
-2133 (base 4) to base 7
-315
Convert 9042 (base 10) to base 15.
2a2c
-22 (base 10) to base 7
-31
Convert -2104 (base 8) to base 9.
-1443
Convert 172236 (base 8) to base 11.
4305a
Convert -ccbb (base 14) to base 12.
-18619
Convert -3653 (base 9) to base 11.
-2054
What is 198 (base 16) in base 4?
12120
Convert 695 (base 11) to base 15.
3a5
2022 (base 7) to base 15
31c
Convert 437 (base 8) to base 7.
560
Convert 23b37 (base 14) to base 12.
42605
Convert 20545 (base 11) to base 16.
74f0
What is -110524 (base 6) in base 2?
-10010000110100
Convert -11e (base 15) to base 6.
-1102
What is 1530 (base 9) in base 15?
526
123320 (base 4) to base 6
12132
What i